n divisor of 5411512 and 848.
424
What is the greatest common factor of 14 and 8433?
1
Calculate the highest common divisor of 65588 and 29342.
1726
What is the greatest common factor of 1300 and 85904?
52
Calculate the greatest common divisor of 10653 and 93.
3
What is the greatest common divisor of 64410 and 4047?
57
Calculate the highest common divisor of 333 and 29156.
37
Calculate the highest common factor of 742686 and 42.
42
What is the greatest common factor of 1910 and 333295?
955
What is the highest common divisor of 114 and 3985554?
114
Calculate the greatest common factor of 87 and 100369.
29
Calculate the highest common divisor of 2878135 and 130.
65
What is the greatest common factor of 234 and 39234?
78
What is the highest common factor of 3817 and 77?
11
Calculate the greatest common divisor of 46566 and 65.
13
What is the highest common factor of 55899 and 18?
9
Calculate the highest common factor of 197 and 1017111.
197
Calculate the greatest common divisor of 304 and 105602.
38
Calculate the greatest common factor of 99735 and 2289.
327
Calculate the greatest common divisor of 3465 and 134145.
495
Calculate the highest common divisor of 5483000 and 16.
8
Calculate the highest common factor of 14392 and 44800.
56
What is the greatest common factor of 23 and 136482?
23
What is the highest common factor of 201704 and 3496?
152
Calculate the greatest common divisor of 98181 and 234.
9
Calculate the highest common factor of 341264 and 1456.
112
What is the greatest common factor of 32665 and 2085?
695
Calculate the greatest common factor of 60 and 2956620.
60
What is the greatest common divisor of 120 and 112920?
120
What is the greatest common factor of 324030 and 420?
210
What is the highest common divisor of 23814 and 972?
486
Calculate the greatest common divisor of 664 and 10984.
8
Calculate the greatest common divisor of 746 and 136518.
746
What is the highest common factor of 3360 and 7280?
560
Calculate the greatest common divisor of 47090 and 170.
170
Calculate the greatest common divisor of 5157 and 11853.
27
Calculate the greatest common divisor of 11680 and 1440.
160
What is the greatest common factor of 9418 and 27700?
554
Calculate the greatest common divisor of 291 and 440186.
97
Calculate the greatest common factor of 49203 and 3465.
693
What is the highest common divisor of 214709 and 102311?
1441
What is the highest common factor of 30 and 20930?
10
What is the greatest common divisor of 1675 and 111689?
67
What is the greatest common factor of 1701 and 5184?
81
What is the highest common factor of 60 and 221370?
30
What is the greatest common factor of 1488 and 1808?
16
Calculate the highest common divisor of 52488 and 8262.
486
Calculate the highest common divisor of 98616 and 9492.
84
Calculate the highest common factor of 50116 and 670.
134
Calculate the greatest common factor of 252935 and 95.
5
Calculate the highest common divisor of 549 and 3816.
9
What is the highest common divisor of 22450 and 40?
10
What is the highest common divisor of 64 and 234304?
64
What is the greatest common divisor of 105966 and 486?
18
What is the greatest common factor of 561 and 11407?
187
What is the highest common factor of 48192 and 5271?
753
Calculate the highest common factor of 686 and 14504.
98
Calculate the highest common divisor of 5624 and 193496.
152
Calculate the greatest common divisor of 1368409 and 699.
233
Calculate the greatest common divisor of 83 and 629887.
83
Calculate the highest common factor of 381885 and 147.
21
What is the highest common divisor of 1564 and 7684?
68
Calculate the greatest common factor of 620 and 29884.
124
Calculate the greatest common divisor of 546 and 35022.
78
Calculate the greatest common divisor of 59 and 733783.
59
What is the highest common factor of 16164 and 972?
36
Calculate the highest common factor of 40689 and 999.
27
Calculate the greatest common divisor of 274584 and 163539.
2019
What is the highest common divisor of 238 and 25262?
34
Calculate the highest common factor of 90 and 15138.
18
Calculate the highest common factor of 2502 and 73114.
278
Calculate the greatest common factor of 1287246 and 24.
6
What is the greatest common divisor of 4092 and 300?
12
Calculate the highest common divisor of 36 and 2384328.
12
What is the greatest common factor of 32532 and 9?
3
Calculate the greatest common factor of 3718382 and 86.
86
Calculate the greatest common factor of 6479 and 475.
19
Calculate the greatest common divisor of 7569845 and 85.
85
Calculate the highest common divisor of 240 and 664140.
60
Calculate the highest common divisor of 910 and 252.
14
Calculate the greatest common factor of 47 and 758345.
47
Calculate the greatest common factor of 3384 and 21906.
18
Calculate the greatest common factor of 552 and 17572.
92
What is the highest common factor of 168804 and 18?
18
What is the highest common divisor of 50576 and 25984?
464
Calculate the highest common divisor of 19426 and 88.
22
Calculate the greatest common factor of 1705 and 582335.
155
Calculate the greatest common divisor of 9351 and 54.
9
Calculate the greatest common factor of 2112 and 132.
132
Calculate the greatest common divisor of 26768 and 238.
14
Calculate the highest common factor of 589492 and 34.
34
What is the highest common divisor of 656 and 3075?
41
Calculate the greatest common divisor of 4082 and 806.
26
What is the greatest common divisor of 80 and 704920?
40
Calculate the greatest common divisor of 522 and 430128.
522
What is the highest common factor of 4832 and 211853?
151
Calculate the highest common divisor of 1404 and 1287.
117
Calculate the highest common factor of 82 and 110.
2
Calculate the greatest common factor of 2960 and 151700.
740
Calculate the greatest common factor of 82 and 3825956.
82
Calculate the greatest common divisor of 5430 and 706986.
1086
What is the highest common divisor of 654 and 52429?
109
What is the greatest common factor of 222257 and 7?
7
What is the greatest common divisor of 411008 and 104?
104
What is the highest common factor of 432838 and 3010?
602
Calculate the highest common divisor of 741 and 113601.
57
What is the highest common divisor of 19 and 20653?
19
What is the highest common factor of 96635 and 385?
385
What is the highest common factor of 32110 and 130?
130
Calculate the highest common factor of 168456 and 528.
24
What is the greatest common divisor of 4750 and 315970?
190
What is the greatest common factor of 46098 and 1365?
39
What is the highest common factor of 7098 and 819?
273
Calculate the highest common factor of 1456 and 73801.
91
What is the greatest common divisor of 155907 and 459?
153
Calculate the greatest common factor of 19840 and 27745.
155
Calculate the highest common factor of 24060 and 480.
60
What is the greatest common divisor of 900 and 47100?
300
Calculate the highest common factor of 233775 and 675.
225
What is the highest common factor of 127376 and 4104?
152
Calculate the greatest common divisor of 2707 and 13.
1
Calculate the highest common factor of 2391 and 21.
3
What is the greatest common factor of 476 and 980?
28
What is the greatest common divisor of 297 and 76032?
297
What is the highest common divisor of 11049 and 87?
87
Calculate the greatest common divisor of 72 and 21544.
8
What is the highest common factor of 16 and 75416?
8
Calculate the highest common divisor of 14 and 31322.
2
What is the greatest common factor of 265 and 2671730?
265
What is the highest common divisor of 540 and 1370?
10
What is the highest common divisor of 166637 and 71?
71
What is the greatest common factor of 1922 and 34?
2
Calculate the highest common divisor of 10 and 10984.
2
Calculate the highest common factor of 1 and 2239.
1
What is the greatest common divisor of 33934 and 1266274?
1786
Calculate the greatest common factor of 3 and 356628.
3
Calculate the greatest common factor of 16 and 420136.
8
Calculate the greatest common divisor of 2123 and 90710.
193
Calculate the highest common factor of 123984 and 372.
12
What is the highest common factor of 1568 and 116914?
98
Calculate the highest common factor of 21 and 424851.
21
Calculate the greatest common divisor of 13 and 56693.
13
Calculate the great